{"id":6649,"date":"2024-01-06T14:33:29","date_gmt":"2024-01-06T13:33:29","guid":{"rendered":"https:\/\/theatre-en-liberte.com\/blog\/?page_id=6649"},"modified":"2026-03-04T11:52:38","modified_gmt":"2026-03-04T10:52:38","slug":"toutes-nos-prochaines-dates","status":"publish","type":"page","link":"https:\/\/theatre-en-liberte.com\/blog\/toutes-nos-prochaines-dates\/","title":{"rendered":"Toutes nos prochaines dates !"},"content":{"rendered":"<p>Vous trouverez ci-dessous nos prochaines dates de repr\u00e9sentations, les lieux, horaires et infos pratiques de r\u00e9servation.\u00a0 Pour recevoir nos informations, n&rsquo;h\u00e9sitez pas \u00e0 vous inscrire \u00e0 notre newsletter dans le formulaire situ\u00e9 dans la marge droite de la page.<\/p>\n<h2>Adieu monsieur Haffmann<\/h2>\n<ul>\n<li><strong>Les vendredi 3 avril 2026 et samedi 4 avril (20h30)<\/strong> \u00e0 l&rsquo;Espace Cour &amp; Jardin \u00e0 Vertou, <a href=\"https:\/\/www.helloasso.com\/associations\/association-onco-plein-air-aopa\/evenements\/adieu-monsieur-haffmann-au-profit-de-l-aopa\">infos et r\u00e9servation<\/a><\/li>\n<\/ul>\n<ul>\n<li><\/li>\n<\/ul>\n","protected":false},"excerpt":{"rendered":"<p>Vous trouverez ci-dessous nos prochaines dates de repr\u00e9sentations, les lieux, horaires et infos pratiques de r\u00e9servation.\u00a0 Pour recevoir nos informations, n&rsquo;h\u00e9sitez pas \u00e0 vous inscrire \u00e0 notre newsletter dans le formulaire situ\u00e9 dans la&#46;&#46;&#46;<\/p>\n","protected":false},"author":1,"featured_media":0,"parent":0,"menu_order":0,"comment_status":"closed","ping_status":"closed","template":"","meta":{"_monsterinsights_skip_tracking":false,"_monsterinsights_sitenote_active":false,"_monsterinsights_sitenote_note":"","_monsterinsights_sitenote_category":0,"footnotes":""},"class_list":["post-6649","page","type-page","status-publish","hentry"],"_links":{"self":[{"href":"https:\/\/theatre-en-liberte.com\/blog\/wp-json\/wp\/v2\/pages\/6649","targetHints":{"allow":["GET"]}}],"collection":[{"href":"https:\/\/theatre-en-liberte.com\/blog\/wp-json\/wp\/v2\/pages"}],"about":[{"href":"https:\/\/theatre-en-liberte.com\/blog\/wp-json\/wp\/v2\/types\/page"}],"author":[{"embeddable":true,"href":"https:\/\/theatre-en-liberte.com\/blog\/wp-json\/wp\/v2\/users\/1"}],"replies":[{"embeddable":true,"href":"https:\/\/theatre-en-liberte.com\/blog\/wp-json\/wp\/v2\/comments?post=6649"}],"version-history":[{"count":28,"href":"https:\/\/theatre-en-liberte.com\/blog\/wp-json\/wp\/v2\/pages\/6649\/revisions"}],"predecessor-version":[{"id":7158,"href":"https:\/\/theatre-en-liberte.com\/blog\/wp-json\/wp\/v2\/pages\/6649\/revisions\/7158"}],"wp:attachment":[{"href":"https:\/\/theatre-en-liberte.com\/blog\/wp-json\/wp\/v2\/media?parent=6649"}],"curies":[{"name":"wp","href":"https:\/\/api.w.org\/{rel}","templated":true}]}}